+ n. What is the tens digit of q?
1
Let c(b) = -b**2 - 11*b - 8. Let g be c(-10). Let p = g - 0. What is the units digit of -1 + 9 - (p + -4)?
0
What is the units digit of ((-66)/55)/((-2)/10)?
6
Let b = -8 - -5. Let s(i) = -5*i - 17. Let q(j) = -2*j - 6. Let c(u) = 8*q(u) - 3*s(u). What is the units digit of c(b)?
6
Suppose -5*b + 7*w = 2*w - 260, -3*b = 4*w - 156. What is the units digit of b?
2
Let r = -7 + 17. What is the units digit of (-12)/(-20) - (-34)/r?
4
Suppose -6*y + 3*y = -6. Let n = 2 - y. What is the units digit of (2 + n)/(6/15)?
5
What is the units digit of (-12)/(-10)*5 + 2?
8
Let m be 2/6 + 55/(-3). Let v be 6/3*(m - -4). Let b = 43 + v. What is the tens digit of b?
1
Let l = -5 - -6. Suppose 4*b = 3 + l. What is the units digit of b?
1
Let o(h) = h**3 + h**2 - 2*h + 3. Let u be (14/7)/((-1)/(-1)). What is the tens digit of o(u)?
1
Suppose 0 = -3*i - 16 - 23. What is the units digit of (-67)/i + (-10)/65?
5
Let b(c) = 2*c + 6. Let h be b(-3). What is the units digit of (-2 + h)*(-25)/5?
0
Let f(h) = 5*h**3 - 10*h**2 - 2*h - 3. Let j(g) = g**3 - g**2. Let x(s) = -f(s) + 4*j(s). Let b be (-3)/((-10)/4 + 2). What is the tens digit of x(b)?
1
Suppose 3*x + 0*x - 12 = 0. Suppose -t + 3 = x*j, -4*t - 5*j + 43 = 9. What is the tens digit of t?
1
Suppose -4*w + 5*w - 2 = 0. Suppose y + w = 3*y. What is the units digit of y?
1
Let c(o) = o**3 + 8*o**2 + 2*o + 2. What is the tens digit of c(-7)?
3
Suppose -f - 3*d + 3 = -2*d, -d = 3*f - 7. Let s(k) = 12*k + 2. What is the units digit of s(f)?
6
What is the units digit of ((-130)/91)/((-2)/28)?
0
Let c(t) = -22*t - 52. What is the hundreds digit of c(-8)?
1
Let c(h) = -h**2 - 9*h - 6. Let w be c(-8). Suppose -4*o + 5*v = -10, -o + 3 + 6 = w*v. What is the units digit of o?
5
Let g(a) = -5*a**3 - 3*a - 1. Let o be g(-2). Let d = o - 23. What is the units digit of d?
2
Let a(l) = 29*l**3 + l**2 - 2*l + 1. What is the units digit of a(1)?
9
Suppose -4*o - o = -95. What is the units digit of o + 1 + 0 + -1?
9
Suppose j = -5*k + 23, 2*k + 3*j + 11 = 7*k. Suppose -3 = -k*c + 149. What is the tens digit of c?
3
Let l = -9 + 13. Suppose 0 = l*z - 4*c - 20, 0 = 2*z - 4*z + 4*c + 4. What is the units digit of z?
8
Let l = 84 - -8. What is the units digit of l?
2
Suppose -3*f - 2*f + 10 = 0. Suppose -3*r - r - 4 = -4*z, -f*z + 2 = -4*r. Suppose 24 = 4*n - 3*c, r*n - 24 = -4*n - 2*c. What is the units digit of n?
6
Suppose -5*y + 69 = 9. What is the units digit of y?
2
What is the units digit of (-214)/(-8) + (-3)/4?
6
Let f(w) = 3*w + 2. Let t(j) = -4*j - 1. Let k(y) = 4*f(y) + 5*t(y). Let p be k(2). Let x = 21 + p. What is the units digit of x?
8
Let a be -2*1 - 32/4. Let m = a - -14. Suppose -3*i + m = -2. What is the units digit of i?
2
Suppose -p = 2*p - 108. Let q be (-2)/(-9)*-3*-60. Suppose t + p = 5*t + 2*u, q = 3*t - 5*u. What is the units digit of t?
0
Let i = 139 + 58. What is the units digit of i?
7
Suppose 5*m - 15 - 25 = 0. Suppose -5*x = -5*g + 5, g - m = -4*x - g. What is the units digit of x?
1
What is the tens digit of -10*(-19)/4*(-252)/(-105)?
1
What is the units digit of -2 + -1 - -15 - 3?
9
Suppose 13 - 7 = g. Suppose -n + r + g = 0, -4*n = -3*n - 2*r - 1. What is the tens digit of n?
1
Let g be (-80)/(-3)*(0 + 3). Suppose 3*a = -u + g, -u = 5*a - 92 - 40. What is the units digit of a?
6
Suppose 200 = -0*t + 2*t - c, -5*t = c - 500. What is the hundreds digit of t?
1
What is the units digit of 275/20 - (-2)/8?
4
Let q(t) = t**3 + 12*t**2 + 14*t - 2. What is the hundreds digit of q(-7)?
1
Let f = 2 + 3. Suppose 2*j - 28 = f*t, 4*t = 2*j + t - 20. What is the units digit of j?
4
Suppose 47 = 5*x + q, 3*q + 1 = x - 2. What is the units digit of x?
9
Suppose m - 25 = 5*i, 3*m + 0*m + 3*i = -15. Let u be (-4)/2 + m + 2. Suppose 0 = -u*c + 4*c - 20. What is the units digit of c?
5
Suppose -201 = -5*i - 16. What is the tens digit of i?
3
Suppose 0 = 5*c + 5*v - 20, 0*c - 3*v + 2 = c. Suppose 2*r + 2 = -3*t + 3*r, c*r + 5 = 0. What is the tens digit of t/4 - 41/(-4)?
1
Suppose 8*n + 158 = 1430. What is the hundreds digit of n?
1
Suppose n + 2*y - 14 = -2*n, n + y = 6. Suppose -n*t + 4 = -6. What is the units digit of t?
5
Let j(o) = o - 12. Let r be j(14). Suppose 5*a - 2*q = q + 93, 5*a + r*q = 88. What is the units digit of a?
8
Suppose 5*z - 69 = -24. What is the units digit of z?
9
Let b(o) = 23*o**3 + o**2 - o. What is the tens digit of b(1)?
2
Let r = -54 - -97. What is the tens digit of r?
4
Let h(u) = u**3 - 5*u**2 + 4*u - 4. Let w(y) = -5*y**3 + 25*y**2 - 19*y + 19. Let j(d) = 11*h(d) + 2*w(d). Let v be j(4). What is the units digit of 1*8/(v/2)?
8
Let w be -1*25 + (-3)/(-3). Let l = w - -47. Suppose 5*i + 8 = l. What is the units digit of i?
3
Let w be 1/3 + 132/9. Let p = -11 + w. What is the units digit of p?
4
Let i = 6 - 6. Suppose -2 + i = -l. What is the units digit of l?
2
Let x = 17 + -31. Let n be (27 - -3) + (-2 - -2). Let b = n + x. What is the tens digit of b?
1
Let b(q) be the first derivative of 2*q**3/3 + 3*q**2 + 3*q + 2. Let s be b(-4). Suppose 0 = -0*a - a + s. What is the units digit of a?
1
Suppose l - 3 - 2 = 0. Suppose 4*f = -2*x + f + 30, -l*f = 0. What is the units digit of x?
5
Let m(z) = 2*z + 2. Suppose 0*r - r - 3*a = -20, 0 = -4*a + 20. What is the tens digit of m(r)?
1
Let m(i) = -i**3 + 4*i**2 - i - 4. Let q be m(3). Suppose 0*r = -2*r. Let u = q + r. What is the units digit of u?
2
Suppose -4*b + 70 + 154 = 0. What is the tens digit of b?
5
Suppose 152 = 4*v - 3*t, 2*t - 33 - 57 = -2*v. What is the tens digit of v?
4
Let y = -5 - -33. What is the tens digit of y?
2
Let u(s) = -5*s**3 + 2*s**2 + 3*s. What is the tens digit of u(-2)?
4
Suppose 4*x + 16 = -4*l - 4, -3*l = -2*x + 5. What is the units digit of (2/(-4))/(x/8)?
2
Let l(k) be the second derivative of -7*k**3/6 - 15*k**2/2 - 2*k. Let u(x) = 8*x + 16. Let t(g) = -7*l(g) - 6*u(g). What is the units digit of t(-8)?
1
Let a(c) = -c**3 + 3*c**2 + c + 2. What is the units digit of a(2)?
8
Let i = 4 - -1. Let f be (-2)/(-2)*(i - 1). Suppose 5*r - h - 30 = 0, f*h - 11 = -r + 16. What is the units digit of r?
7
Let g = -11 + 18. Let a(i) = i**2 - 7*i + 4. Let m be a(g). Suppose 3*n + m*j + 26 = 5*n, 3*j = -n + 3. What is the units digit of n?
9
Let b(i) = -i**2 - 10*i + 10. Let z be b(-10). Let w = 16 - z. What is the units digit of w?
6
Suppose 0 = 2*d + 3*d - 5, 0 = -5*z - 3*d + 3. Suppose z = i - 5, -2*j + 3*i = 2*j - 13. What is the units digit of j?
7
Let d be 0/(-4) - (0 - -2). Let q(t) be the first derivative of 2*t**3/3 + t**2 - 2*t + 3. What is the units digit of q(d)?
2
Suppose -8 = -4*w, 4*c + 4*w - 14 - 46 = 0. Let f be -6*(-2)/4 + -2. Suppose r + r + 3*l = c, -f = l. What is the units digit of r?
8
What is the units digit of -6*32/60*-5?
6
Suppose -5*k = -3*f - f - 187, 5*f = 5*k - 190. Let s = -12 + k. Let x = s + -6. What is the tens digit of x?
1
Let n be ((-210)/18)/(1/15). What is the tens digit of ((-3)/5)/(5/n)?
2
Let d(q) = 18 - q + 7*q - 5*q + q. What is the tens digit of d(13)?
4
What is the units digit of 0 - (6 - -3)/(-3)?
3
Suppose r = -t, t + 3*t = 2*r. Let z be 2 + r + 0 + 0. What is the units digit of (4 - (z - 0))*1?
2
Suppose -3*k = m - 0*k - 5, 0 = -4*k. Suppose -3*w = -4*y - 0*w + 134, 0 = m*w - 10. What is the units digit of y?
5
Let c(p) be the second derivative of -p**5/20 + p**4/12 - 2*p. Let j be c(0). Suppose 3*r + j = 9. What is the units digit of r?
3
Let z be 1/4 + 38/8. Let w(j) = j**3 - 6*j**2 + 4*j + 1. Let a be w(z). Let n = 0 - a. What is the units digit of n?
4
Suppose 2*f - 18 = -0*p - p, 5*p = 4*f + 62. What is the tens digit of p?
1
Let y(o) = -o**2 + 6*o + 8. Let n(i) = 2*i**3 - i**2 - 4*i + 3. Let f(s) = s**3 - 8*s**2 + s - 6. Let g be f(8). Let a be n(g). What is the units digit of y(a)?
1
Let v = 52 + -8. What is the units digit of v?
4
Let o(z) = z**3 - 4*z**2 - 3*z - 5. Suppose 4*n + 4 = 2*f - 4, 0 = 5*n + 5*f - 5. Let h be (n - -3)*20/8. What is the units digit of o(h)?
5
Suppose -3*b + 8 = o, 4*o - 4 = 4. Let l be 1/(-3)*12/b. What is the units digit of ((-3)/9)/(l/30)?
5
What is the units digit of (-3626)/(-63) + 12/27?
8
Let x(g) = g**3 - 5*g**2 - 8*g + 6. Let w be x(6). What is the units digit of w/(-4) + (-5)/(-10)?
2
Let y(